{"id":129,"date":"2020-02-14T10:59:11","date_gmt":"2020-02-14T10:59:11","guid":{"rendered":"https:\/\/demosites.io\/fitness-gb\/?page_id=129"},"modified":"2024-09-09T11:05:42","modified_gmt":"2024-09-09T09:05:42","slug":"a5213-home","status":"publish","type":"page","link":"https:\/\/ewazawada.pl\/","title":{"rendered":"Home"},"content":{"rendered":"\n<div id=\"wp-block-themeisle-blocks-advanced-columns-e1ca32e1\" class=\"wp-block-themeisle-blocks-advanced-columns alignfull has-1-columns has-desktop-equal-layout has-tablet-equal-layout has-mobile-equal-layout has-vertical-unset\"><div class=\"wp-block-themeisle-blocks-advanced-columns-overlay\"><\/div><div class=\"innerblocks-wrap\">\n<div id=\"wp-block-themeisle-blocks-advanced-column-65b5ef21\" class=\"wp-block-themeisle-blocks-advanced-column\"><div class=\"wp-block-image ticss-f17b127a\">\n<figure class=\"aligncenter size-medium is-resized\"><img loading=\"lazy\" decoding=\"async\" width=\"300\" height=\"300\" src=\"http:\/\/www.ewazawada.pl\/wp-content\/uploads\/2022\/11\/ewa-zawada-logo-300x300.png\" alt=\"\" class=\"wp-image-269\" style=\"width:302px;height:302px\" srcset=\"https:\/\/ewazawada.pl\/wp-content\/uploads\/2022\/11\/ewa-zawada-logo-300x300.png 300w, https:\/\/ewazawada.pl\/wp-content\/uploads\/2022\/11\/ewa-zawada-logo-150x150.png 150w, https:\/\/ewazawada.pl\/wp-content\/uploads\/2022\/11\/ewa-zawada-logo.png 576w\" sizes=\"auto, (max-width: 300px) 100vw, 300px\" \/><\/figure>\n<\/div>\n\n\n<h1 id=\"wp-block-themeisle-blocks-advanced-heading-bb0c2df7\" class=\"wp-block-themeisle-blocks-advanced-heading wp-block-themeisle-blocks-advanced-heading-bb0c2df7\">Ewa Zawada<\/h1>\n\n\n\n<p class=\"has-text-align-center has-white-color has-text-color\">odzyskaj sprawno\u015b\u0107<\/p>\n\n\n\n<div class=\"wp-block-buttons is-horizontal is-content-justification-center is-layout-flex wp-container-core-buttons-is-layout-499968f5 wp-block-buttons-is-layout-flex\"><\/div>\n<\/div>\n<\/div><\/div>\n\n\n\n<section id=\"wp-block-themeisle-blocks-advanced-columns-e7931e5c\" class=\"wp-block-themeisle-blocks-advanced-columns alignfull has-2-columns has-desktop-equal-layout has-tablet-equal-layout has-mobile-collapsedRows-layout has-vertical-center\"><div class=\"wp-block-themeisle-blocks-advanced-columns-overlay\"><\/div><div class=\"innerblocks-wrap\">\n<div id=\"wp-block-themeisle-blocks-advanced-column-311d4b3f\" class=\"wp-block-themeisle-blocks-advanced-column\">\n<h2 id=\"wp-block-themeisle-blocks-advanced-heading-9544202b\" class=\"wp-block-themeisle-blocks-advanced-heading wp-block-themeisle-blocks-advanced-heading-9544202b\">Dzie\u0144 dobry!<\/h2>\n\n\n\n<p>Jestem certyfikowan\u0105 masa\u017cystk\u0105 i aktualnie wykonuj\u0119:<\/p>\n\n\n\n<ul class=\"wp-block-list\">\n<li>masa\u017ce klasyczne<\/li>\n\n\n\n<li>masa\u017ce relaksacyjne<\/li>\n\n\n\n<li>masa\u017ce liftinguj\u0105ce<\/li>\n<\/ul>\n\n\n\n<p><\/p>\n\n\n\n<p>W najbli\u017cszym czasie b\u0119d\u0119 poszerza\u0107 swoj\u0105 ofert\u0119 o masa\u017ce lecznicze, a w przysz\u0142o\u015bci r\u00f3wnie\u017c o dzia\u0142ania fizjoterapeutyczne.<\/p>\n\n\n\n<div class=\"wp-block-buttons is-layout-flex wp-block-buttons-is-layout-flex\"><\/div>\n<\/div>\n\n\n\n<div id=\"wp-block-themeisle-blocks-advanced-column-49224624\" class=\"wp-block-themeisle-blocks-advanced-column\">\n<figure class=\"wp-block-image size-large\"><img loading=\"lazy\" decoding=\"async\" width=\"768\" height=\"1024\" src=\"http:\/\/www.ewazawada.pl\/wp-content\/uploads\/2022\/11\/ewa-zawada-masaze-slask-768x1024.jpg\" alt=\"\" class=\"wp-image-261\" srcset=\"https:\/\/ewazawada.pl\/wp-content\/uploads\/2022\/11\/ewa-zawada-masaze-slask-768x1024.jpg 768w, https:\/\/ewazawada.pl\/wp-content\/uploads\/2022\/11\/ewa-zawada-masaze-slask-225x300.jpg 225w, https:\/\/ewazawada.pl\/wp-content\/uploads\/2022\/11\/ewa-zawada-masaze-slask-1152x1536.jpg 1152w, https:\/\/ewazawada.pl\/wp-content\/uploads\/2022\/11\/ewa-zawada-masaze-slask.jpg 1536w\" sizes=\"auto, (max-width: 768px) 100vw, 768px\" \/><\/figure>\n<\/div>\n<\/div><\/section>\n\n\n\n<section id=\"wp-block-themeisle-blocks-advanced-columns-e4373a2b\" class=\"wp-block-themeisle-blocks-advanced-columns alignfull has-1-columns has-desktop-equal-layout has-tablet-equal-layout has-mobile-equal-layout has-vertical-flex-start\"><div class=\"wp-block-themeisle-blocks-advanced-columns-overlay\"><\/div><div class=\"innerblocks-wrap\">\n<div id=\"wp-block-themeisle-blocks-advanced-column-0b9db5af\" class=\"wp-block-themeisle-blocks-advanced-column\">\n<section id=\"wp-block-themeisle-blocks-advanced-columns-62d68e08\" class=\"wp-block-themeisle-blocks-advanced-columns has-1-columns has-desktop-equal-layout has-tablet-equal-layout has-mobile-equal-layout has-vertical-flex-start\"><div class=\"wp-block-themeisle-blocks-advanced-columns-overlay\"><\/div><div class=\"innerblocks-wrap\">\n<div id=\"wp-block-themeisle-blocks-advanced-column-ba020b38\" class=\"wp-block-themeisle-blocks-advanced-column\">\n<h2 id=\"wp-block-themeisle-blocks-advanced-heading-6d6c2f48\" class=\"wp-block-themeisle-blocks-advanced-heading wp-block-themeisle-blocks-advanced-heading-6d6c2f48\">W pracy z pacjentami wa\u017cna jest dla mnie triada zdrowia.<\/h2>\n<\/div>\n<\/div><\/section>\n\n\n\n<section id=\"wp-block-themeisle-blocks-advanced-columns-6fc7adce\" class=\"wp-block-themeisle-blocks-advanced-columns has-3-columns has-desktop-equal-layout has-tablet-equal-layout has-mobile-collapsedRows-layout has-vertical-flex-start\"><div class=\"wp-block-themeisle-blocks-advanced-columns-overlay\"><\/div><div class=\"innerblocks-wrap\">\n<div id=\"wp-block-themeisle-blocks-advanced-column-25e97a9a\" class=\"wp-block-themeisle-blocks-advanced-column\">\n<div id=\"wp-block-themeisle-blocks-font-awesome-icons-d5c7d449\" class=\"wp-block-themeisle-blocks-font-awesome-icons\"><span class=\"wp-block-themeisle-blocks-font-awesome-icons-container\"><i class=\"fas fa-heart\"><\/i><\/span><\/div>\n\n\n\n<h4 id=\"wp-block-themeisle-blocks-advanced-heading-72a9f7c8\" class=\"wp-block-themeisle-blocks-advanced-heading wp-block-themeisle-blocks-advanced-heading-72a9f7c8\">Emocje<\/h4>\n\n\n\n<p id=\"wp-block-themeisle-blocks-advanced-heading-a5f28f8f\" class=\"wp-block-themeisle-blocks-advanced-heading wp-block-themeisle-blocks-advanced-heading-a5f28f8f\">To, co dzieje si\u0119 w naszych g\u0142owach ma ogromny wp\u0142yw na to, jak funkcjonuje nasze cia\u0142o.<\/p>\n<\/div>\n\n\n\n<div id=\"wp-block-themeisle-blocks-advanced-column-b5b3ad1c\" class=\"wp-block-themeisle-blocks-advanced-column\">\n<div id=\"wp-block-themeisle-blocks-font-awesome-icons-71995a22\" class=\"wp-block-themeisle-blocks-font-awesome-icons\"><span class=\"wp-block-themeisle-blocks-font-awesome-icons-container\"><i class=\"fas fa-spa\"><\/i><\/span><\/div>\n\n\n\n<h4 id=\"wp-block-themeisle-blocks-advanced-heading-067b6e63\" class=\"wp-block-themeisle-blocks-advanced-heading wp-block-themeisle-blocks-advanced-heading-067b6e63\">Cia\u0142o<\/h4>\n\n\n\n<p id=\"wp-block-themeisle-blocks-advanced-heading-7b136259\" class=\"wp-block-themeisle-blocks-advanced-heading wp-block-themeisle-blocks-advanced-heading-7b136259\">Nasze cia\u0142o jest cudown\u0105 maszyn\u0105, gdzie wszystko jest ze sob\u0105 po\u0142\u0105czone. Wiedza na ten temat pomaga mi celnie zlokalizowa\u0107 \u017ar\u00f3d\u0142o problemu.<\/p>\n<\/div>\n\n\n\n<div id=\"wp-block-themeisle-blocks-advanced-column-6be03cf4\" class=\"wp-block-themeisle-blocks-advanced-column\">\n<div id=\"wp-block-themeisle-blocks-font-awesome-icons-52fbd165\" class=\"wp-block-themeisle-blocks-font-awesome-icons\"><span class=\"wp-block-themeisle-blocks-font-awesome-icons-container\"><i class=\"fas fa-apple-alt\"><\/i><\/span><\/div>\n\n\n\n<h4 id=\"wp-block-themeisle-blocks-advanced-heading-57826d4c\" class=\"wp-block-themeisle-blocks-advanced-heading wp-block-themeisle-blocks-advanced-heading-57826d4c\">Dieta<\/h4>\n\n\n\n<p id=\"wp-block-themeisle-blocks-advanced-heading-9962089c\" class=\"wp-block-themeisle-blocks-advanced-heading wp-block-themeisle-blocks-advanced-heading-9962089c\">To, czym si\u0119 od\u017cywiamy, jest kluczowe w procesie zdrowienia.<\/p>\n<\/div>\n<\/div><\/section>\n<\/div>\n<\/div><\/section>\n\n\n\n<div style=\"height:100px\" aria-hidden=\"true\" class=\"wp-block-spacer\"><\/div>\n\n\n<div class=\"wp-block-image\">\n<figure class=\"aligncenter size-large\"><a href=\"https:\/\/ewazawada.pl\/wp-content\/uploads\/2024\/09\/ewa-zawada-masaze-slask-cennik-kobido.jpg\"><img loading=\"lazy\" decoding=\"async\" width=\"1024\" height=\"724\" src=\"https:\/\/ewazawada.pl\/wp-content\/uploads\/2024\/09\/ewa-zawada-masaze-slask-cennik-kobido-1024x724.jpg\" alt=\"\" class=\"wp-image-296\" srcset=\"https:\/\/ewazawada.pl\/wp-content\/uploads\/2024\/09\/ewa-zawada-masaze-slask-cennik-kobido-1024x724.jpg 1024w, https:\/\/ewazawada.pl\/wp-content\/uploads\/2024\/09\/ewa-zawada-masaze-slask-cennik-kobido-300x212.jpg 300w, https:\/\/ewazawada.pl\/wp-content\/uploads\/2024\/09\/ewa-zawada-masaze-slask-cennik-kobido-768x543.jpg 768w, https:\/\/ewazawada.pl\/wp-content\/uploads\/2024\/09\/ewa-zawada-masaze-slask-cennik-kobido-1536x1086.jpg 1536w, https:\/\/ewazawada.pl\/wp-content\/uploads\/2024\/09\/ewa-zawada-masaze-slask-cennik-kobido.jpg 1600w\" sizes=\"auto, (max-width: 1024px) 100vw, 1024px\" \/><\/a><\/figure>\n<\/div>\n\n\n<section id=\"wp-block-themeisle-blocks-advanced-columns-88d2ee48\" class=\"wp-block-themeisle-blocks-advanced-columns alignfull has-2-columns has-desktop-equal-layout has-tablet-equal-layout has-mobile-collapsedRows-layout has-vertical-center\"><div class=\"wp-block-themeisle-blocks-advanced-columns-overlay\"><\/div><div class=\"innerblocks-wrap\">\n<div id=\"wp-block-themeisle-blocks-advanced-column-246c5eb4\" class=\"wp-block-themeisle-blocks-advanced-column\">\n<h2 id=\"wp-block-themeisle-blocks-advanced-heading-de97145d\" class=\"wp-block-themeisle-blocks-advanced-heading wp-block-themeisle-blocks-advanced-heading-de97145d\">Zapraszam do mojego nowego gabinetu<\/h2>\n\n\n\n<p>W celu um\u00f3wienia wizyty prosz\u0119 o kontakt telefoniczny.<\/p>\n\n\n\n<p>Gabinet znajduje si\u0119 przy ulicy Beskidzkiej w Zabrzu, blisko zjazdu z autostrady A4.<\/p>\n\n\n\n<span id=\"wp-block-themeisle-blocks-advanced-heading-e867de30\" class=\"wp-block-themeisle-blocks-advanced-heading wp-block-themeisle-blocks-advanced-heading-e867de30\">tel. <strong>+48 664 647 110<\/strong><\/span>\n\n\n\n<p>Po\u0142\u0105cz si\u0119 ze mn\u0105 na <a href=\"https:\/\/www.facebook.com\/profile.php?id=100087058601567\">facebooku<\/a>!<\/p>\n<\/div>\n\n\n\n<div id=\"wp-block-themeisle-blocks-advanced-column-d8dc3166\" class=\"wp-block-themeisle-blocks-advanced-column\">\n<figure class=\"wp-block-image size-full\"><img loading=\"lazy\" decoding=\"async\" width=\"618\" height=\"626\" src=\"http:\/\/www.ewazawada.pl\/wp-content\/uploads\/2022\/11\/ewa-zawada-masaz-adres.jpg\" alt=\"\" class=\"wp-image-262\" srcset=\"https:\/\/ewazawada.pl\/wp-content\/uploads\/2022\/11\/ewa-zawada-masaz-adres.jpg 618w, https:\/\/ewazawada.pl\/wp-content\/uploads\/2022\/11\/ewa-zawada-masaz-adres-296x300.jpg 296w\" sizes=\"auto, (max-width: 618px) 100vw, 618px\" \/><\/figure>\n<\/div>\n<\/div><\/section>\n","protected":false},"excerpt":{"rendered":"","protected":false},"author":1,"featured_media":0,"parent":0,"menu_order":0,"comment_status":"closed","ping_status":"closed","template":"page-templates\/template-pagebuilder-full-width.php","meta":{"neve_meta_sidebar":"full-width","neve_meta_container":"default","neve_meta_enable_content_width":"on","neve_meta_content_width":100,"neve_meta_title_alignment":"","neve_meta_author_avatar":"","neve_post_elements_order":"","neve_meta_disable_header":"on","neve_meta_disable_footer":"on","neve_meta_disable_title":"","_themeisle_gutenberg_block_has_review":false,"_ti_tpc_template_sync":false,"_ti_tpc_template_id":"dlmh1p34r19x5r3i5v3f","footnotes":""},"class_list":["post-129","page","type-page","status-publish","hentry"],"_links":{"self":[{"href":"https:\/\/ewazawada.pl\/index.php?rest_route=\/wp\/v2\/pages\/129","targetHints":{"allow":["GET"]}}],"collection":[{"href":"https:\/\/ewazawada.pl\/index.php?rest_route=\/wp\/v2\/pages"}],"about":[{"href":"https:\/\/ewazawada.pl\/index.php?rest_route=\/wp\/v2\/types\/page"}],"author":[{"embeddable":true,"href":"https:\/\/ewazawada.pl\/index.php?rest_route=\/wp\/v2\/users\/1"}],"replies":[{"embeddable":true,"href":"https:\/\/ewazawada.pl\/index.php?rest_route=%2Fwp%2Fv2%2Fcomments&post=129"}],"version-history":[{"count":13,"href":"https:\/\/ewazawada.pl\/index.php?rest_route=\/wp\/v2\/pages\/129\/revisions"}],"predecessor-version":[{"id":298,"href":"https:\/\/ewazawada.pl\/index.php?rest_route=\/wp\/v2\/pages\/129\/revisions\/298"}],"wp:attachment":[{"href":"https:\/\/ewazawada.pl\/index.php?rest_route=%2Fwp%2Fv2%2Fmedia&parent=129"}],"curies":[{"name":"wp","href":"https:\/\/api.w.org\/{rel}","templated":true}]}}